actor of 1857807 and 2549603.
5579
Calculate the greatest common factor of 4106288 and 10320.
16
What is the greatest common divisor of 185691 and 150909?
561
Calculate the greatest common factor of 210749616 and 1162.
1162
What is the greatest common factor of 3664970 and 60?
10
Calculate the greatest common factor of 1176 and 697466.
98
Calculate the greatest common divisor of 2274954 and 18.
6
What is the greatest common factor of 7448254 and 332?
166
What is the highest common divisor of 13467 and 166227?
201
What is the greatest common factor of 263442080 and 3440?
3440
Calculate the greatest common divisor of 22389 and 4922507.
439
Calculate the highest common factor of 90244 and 150073.
77
What is the highest common divisor of 7 and 13454105?
7
Calculate the greatest common divisor of 22062317 and 47.
47
What is the greatest common divisor of 30927 and 6893?
61
Calculate the greatest common factor of 84 and 18674.
2
Calculate the highest common factor of 2100 and 2086588.
28
Calculate the greatest common divisor of 1109097 and 4675.
187
What is the highest common factor of 637938 and 19588?
166
Calculate the highest common factor of 12958 and 21337646.
418
Calculate the highest common divisor of 708248 and 1852238.
446
What is the greatest common divisor of 585079 and 693?
11
What is the highest common factor of 90288 and 3493416?
456
What is the greatest common factor of 44 and 3287218?
22
Calculate the highest common factor of 5915 and 57860.
5
What is the greatest common divisor of 2814730 and 60?
10
What is the greatest common factor of 9348587 and 1849?
43
Calculate the greatest common divisor of 32265 and 395415.
135
Calculate the highest common factor of 28364 and 4823.
7
Calculate the highest common factor of 1371858 and 1254.
6
Calculate the greatest common factor of 9569428 and 109494.
1738
Calculate the greatest common divisor of 5 and 1855998795.
5
What is the highest common factor of 126002100 and 4620?
420
Calculate the greatest common factor of 100 and 13034300.
100
Calculate the greatest common factor of 34221 and 10922721.
3111
What is the highest common factor of 3375 and 350568?
27
What is the highest common factor of 68426470 and 70?
70
Calculate the greatest common divisor of 222215 and 1939.
7
Calculate the greatest common factor of 391020200 and 50.
50
What is the highest common divisor of 8288 and 194509?
259
Calculate the greatest common divisor of 411 and 1236819149.
137
What is the highest common divisor of 49 and 109098647?
49
What is the greatest common factor of 30819306 and 336?
42
Calculate the greatest common factor of 51 and 687630.
3
What is the greatest common factor of 65136 and 58098?
138
What is the greatest common factor of 121328 and 356?
4
Calculate the highest common divisor of 280 and 31645880.
280
What is the greatest common divisor of 2914 and 43674374?
94
Calculate the greatest common divisor of 115330 and 7410.
190
Calculate the highest common divisor of 35757 and 138224643.
11919
Calculate the greatest common factor of 462802 and 469853.
641
Calculate the greatest common factor of 39 and 63640226.
13
What is the greatest common factor of 35 and 895853?
7
Calculate the highest common factor of 89275 and 25.
25
What is the highest common divisor of 3969 and 11745153?
441
What is the highest common factor of 313950 and 93702?
966
What is the highest common factor of 208128 and 34959?
813
Calculate the highest common factor of 4677456 and 224.
112
Calculate the highest common divisor of 87 and 64401228.
87
What is the highest common factor of 48 and 24762876?
12
Calculate the greatest common divisor of 4991 and 177031.
23
What is the greatest common factor of 28385 and 10480?
5
Calculate the highest common divisor of 3028199 and 871.
67
What is the highest common factor of 1911 and 527163?
273
Calculate the greatest common divisor of 2101109 and 2227.
131
What is the greatest common factor of 2034 and 4534012?
226
Calculate the greatest common divisor of 66 and 408070212.
66
What is the highest common factor of 117294 and 5188395?
339
What is the highest common factor of 199698121 and 161?
161
Calculate the greatest common factor of 310 and 128905192.
62
Calculate the greatest common factor of 3201341 and 3718.
143
What is the highest common divisor of 1521 and 1554267?
39
Calculate the greatest common factor of 1120081 and 293.
1
Calculate the highest common factor of 358531666 and 289.
289
Calculate the greatest common divisor of 79299688 and 11948.
116
What is the greatest common factor of 1340992895 and 935?
935
Calculate the greatest common divisor of 1190 and 156165485.
595
What is the greatest common factor of 194777 and 119812?
11
What is the greatest common divisor of 396 and 33554004?
132
What is the highest common factor of 17675 and 31599365?
3535
Calculate the greatest common divisor of 248 and 177081796.
124
What is the highest common divisor of 102272 and 441847?
799
Calculate the greatest common divisor of 4214 and 2645446.
86
Calculate the highest common factor of 818712 and 266928.
1992
What is the highest common factor of 2102676 and 3288?
1644
What is the highest common divisor of 64470 and 25648?
14
What is the greatest common divisor of 63 and 2576304?
9
Calculate the highest common divisor of 264923 and 65636.
61
What is the greatest common factor of 86208 and 835008?
192
Calculate the highest common factor of 223236 and 1208.
4
Calculate the highest common factor of 3036 and 3549636.
276
Calculate the greatest common divisor of 400089 and 1882284.
2073
What is the highest common factor of 9942 and 2076?
6
Calculate the greatest common divisor of 74579 and 115239.
107
What is the highest common divisor of 320 and 7098320?
80
What is the highest common divisor of 4086 and 46446924?
1362
What is the greatest common divisor of 13 and 157964339?
13
Calculate the greatest common divisor of 665 and 29735.
95
Calculate the greatest common divisor of 81933536 and 7080.
472
Calculate the greatest common factor of 6075 and 56589111.
243
Calculate the highest common divisor of 320074248 and 312.
312
Calculate the highest common factor of 440 and 20246270.
110
What is the highest common factor of 4402780 and 58?
58
What is the greatest common factor of 3726638 and 272663?
731
Calculate the greatest common divisor of 3867298 and 76.
38
What is the highest common divisor of 301502 and 1092136?
1294
Calculate the highest common divisor of 15953100 and 120.
60
Calculate the highest common divisor of 57014 and 13775.
29
What is the highest common divisor of 69966 and 3292542?
414
What is the greatest common factor of 148830 and 73326?
726
What is the highest common factor of 5058 and 1169522?
562
What is the highest common factor of 25 and 243678575?
25
What is the highest common divisor of 2844410 and 691058?
3818
Calculate the highest common factor of 317898 and 134190.
378
Calculate the highest common factor of 50220 and 7130.
310
What is the greatest common divisor of 6370 and 564525325?
3185
Calculate the greatest common divisor of 194 and 225616.
2
Calculate the greatest common divisor of 6080918 and 15177.
5059
Calculate the greatest common divisor of 4726 and 94588.
34
Calculate the highest common factor of 41811480 and 365.
365
Calculate the greatest common factor of 1059971 and 949597.
1903
What is the greatest common factor of 33975 and 2012679?
1359
Calculate the highest common divisor of 183289846 and 38.
38
What is the highest common factor of 651151116 and 88?
44
Calculate the greatest common factor of 22253 and 68375377.
2023
What is the greatest common factor of 448320636 and 108?
108
Calculate the highest common factor of 1872 and 300638832.
624
Calculate the greatest common divisor of 302617312 and 128.
32
Calculate the highest common factor of 1066 and 440674.
26
Calculate the highest common divisor of 78276 and 437712.
132
Calculate the highest common divisor of 605 and 16082990.
55
Calculate the greatest common divisor of 1031 and 1116161631.
1031
What is the highest common divisor of 32080 and 2881987?
401
What is the greatest common divisor of 542 and 6746?
2
What is the greatest common factor of 114760 and 262580?
380
What is the greatest common factor of 5